termine l(r).
-6
Suppose -7*o - 2 = 2*f - 3*o, o = 3*f - 25. Suppose 12 = -3*q, f*x + 5*q = 2*x. Let r(v) = 2*v + 4 + 3 + x*v + 2*v + v**2. Determine r(-6).
-5
Suppose 0 = 5*y - 8 - 17. Let i(u) = 3 - 7 + 2*u - y*u**2 + 5 - 3*u**3. Let z(k) = 2*k**3 + 5*k**2 - 2*k. Let q(n) = 3*i(n) + 4*z(n). What is q(4)?
11
Let n(o) = -4*o**3 - 2*o**2 + 2*o. Let h(d) = d**2 + d - 24. Let t be h(-6). Let r be (-4)/(-6) + (-10)/6. Let i be 1 + (2 - r - t). Determine n(i).
20
Suppose 68 = 7*a - 2*u, 40*u - 39*u - 18 = -3*a. Let v(z) = -3*z + 30 + 2*z - 3*z. What is v(a)?
-2
Let u be 720/(-96) - (-5)/2 - -5. Let x(f) = f**2 + 3*f - 7. What is x(u)?
-7
Let x(a) be the first derivative of -a**4/12 + 7*a**3/6 - 7*a**2/2 + 89*a - 23. Let i(g) be the first derivative of x(g). Determine i(5).
3
Let c(y) be the second derivative of -269*y + 0 + 1/20*y**5 - 3*y**2 - 1/6*y**3 - 1/6*y**4. Determine c(3).
0
Let v = 19 - 20. Let z(t) = 10*t**3 + 2*t**2 + 2*t + 1. Let n be z(v). Let c(a) = -17*a**2 - a**3 - 10*a**2 - 12*a**2 + 30*a**2 - 2 + 7. Calculate c(n).
5
Let f(d) = 14*d**2 - 10*d + 9. Let r be f(4). Suppose r = 2*y - 145. Let i(b) = 178*b**2 + 2*b**3 + 5 - 3*b**3 - y*b**2 - 9*b. What is i(8)?
-3
Let m = 491 - 473. Let z(t) = 4*t + m - 22*t**2 - 19 - 4*t. Give z(1).
-23
Let d(b) = -3*b**3 + 8*b**2 + b + 5. Let a(o) = 14*o**3 - 32*o**2 - 4*o - 21. Let j(m) = -2*a(m) - 9*d(m). Let c = 5 + -13. What is j(c)?
5
Let f(u) = 2*u - 12. Let x = 157 - 94. Let p = -54 + x. Suppose 7*i = p*i - 18. What is f(i)?
6
Suppose b + b - 4 = 2*o, -2*b = 5*o - 25. Let w(a) be the first derivative of a**4/4 - 4*a**3/3 - a**2/2 + 4*a + 16001. Determine w(b).
24
Let q(f) = f**2 + 2*f - 2. Suppose 5*x = -3*y + 2*y, 2*x = 4*y - 22. Suppose -3*l = t - 17, 0 = -y*t - 5*l + 7 + 28. What is q(t)?
6
Let l(g) = -4*g - 18. Let r(b) = 36*b + 160. Let h(t) = -28*l(t) - 3*r(t). Calculate h(-9).
-12
Let n(z) = -10*z + 1. Let l(m) = -21*m + 3. Let h(q) = -2*l(q) + 5*n(q). Let c(d) = -13*d - 1. Let w(t) = 3*c(t) - 5*h(t). Calculate w(-6).
-4
Suppose 0 = c - 2*p - 10, -2*p + 0 = 5*c - 38. Suppose -3*t = 4*n - c*t - 11, 20 = -5*n - 5*t. Let a be 2/(-5) - (6/10 + n). Let r(w) = -w - 5. Give r(a).
-5
Let b(h) = 6*h - 52. Let v(r) = -3*r + 27. Let d(w) = -2*b(w) - 5*v(w). Determine d(8).
-7
Let y(c) be the first derivative of c**3/3 - 9*c**2 + 3*c - 1866. What is y(15)?
-42
Let j(h) = h**3 - 8*h**2 + 7*h - 5. Let x be 4/2*(36/180 + 33/10). Calculate j(x).
-5
Let a = 60 - 33. Suppose 0 = -23*q + a*q - 24. Let t(u) = -3*u - 8*u + u**2 + q*u. Calculate t(5).
0
Let g(y) be the second derivative of 0*y**2 + 0*y**3 + 0 + 30*y + 1/24*y**5 + 7/3*y**4 + 1/240*y**6. Let x(k) be the third derivative of g(k). Give x(5).
20
Let o(u) be the first derivative of u**4/4 + 2*u**3/3 - 313. Let p be (12/(-8))/(2/(-4)). Suppose 5*r - p*r - 4*h + 14 = 0, 3*r = -5*h + 12. What is o(r)?
1
Let m(l) = l**3 - 3*l**2 + 5*l - 4. Let w(u) = u**2 - 3*u - 2. Let f be w(-1). Let r be m(f). Let t(h) = 104*h - 107*h - 2 + r. Determine t(4).
-12
Let c(t) = -11*t - 5. Let h(w) = -4*w + 2. Let s(i) = 6*c(i) - 17*h(i). Calculate s(36).
8
Suppose -7*g - 3*g + 280 = 0. Let l(m) = -26 + 77 - 2*m - g - 24. Determine l(1).
-3
Let o = -69 - -69. Suppose -11*a - 19 - 3 = o. Let t(r) = -4*r**2 + 2*r. What is t(a)?
-20
Let l be (3 + (-112)/42)*3. Let z(j) = -j**2 + j - 2. Give z(l).
-2
Suppose 5*y + 30 = 0, 8*m - 4*y = 5*m + 48. Let x(w) = w**3 - 10*w**2 + 11*w + 36. Calculate x(m).
-4
Let t(f) be the first derivative of 5*f**4/4 + 6*f**2 - 13*f + 1537. What is t(1)?
4
Let r(f) = f**3 + 22*f**2 + 21*f - 3. Let u be r(-21). Let w(q) = -212*q**3 + 457*q**3 - 246*q**3 + 4*q. Calculate w(u).
15
Let d(a) = 28*a - 166. Let y(k) = 9*k - 50. Let t(r) = -2*d(r) + 7*y(r). Determine t(11).
59
Let j(p) = -p + 2. Suppose 0 = -5*w + 2*v + 21, 9*v - 8*v = -4*w + 22. Suppose 3*s = 7*g - w*g - 21, -3*g + s + 28 = 0. Determine j(g).
-7
Suppose -a = 2*h + 3, -5*a - 5*h = -4 - 1. Let z be 18/(-12)*-1 - (-6)/4. Let w(g) = -20*g + 2 - 3*g**3 + 8*g - 4*g**2 + 4*g**z + 5*g. What is w(a)?
-8
Let m(w) be the first derivative of w**2/2 + w - 1884. Let a = -4 + 5. Determine m(a).
2
Suppose -37*q + 3 = 2*a - 38*q, -a + 9 = 2*q. Let k(i) = -i**3 + i**2 + 17*i - 36. Determine k(a).
-3
Let m(s) = -s**3 + 13*s**2 + 14*s - 9. Let o = 7390 - 7376. What is m(o)?
-9
Let g = -5324 + 5335. Let i(o) = -o + 36. Calculate i(g).
25
Let w(n) be the third derivative of n**6/60 - n**5/60 + n**4/8 + n**3/2 + 2048*n**2. Calculate w(-1).
-3
Let t(c) = -3714 - 4*c + 3*c**2 + 3719 + 2*c**2 + c**3 - 2*c**2. Let d = 68 + -72. What is t(d)?
5
Let a(l) = -10 + 4*l**2 + 2*l + 2*l**2 - 5*l**2 + 9. Suppose x + 4*x + 20 = 0, -5*u - 2*x = 23. Let d be a(u). Let b(z) = -4*z. Give b(d).
-8
Suppose 0 = 198*w - 306*w. Let g(n) be the third derivative of 0*n - 1/10*n**5 + 2/3*n**3 - 1/120*n**6 - 1/8*n**4 + w + 13*n**2. Calculate g(-5).
-6
Let n be 0 + (3 - 8/(40/25)). Let r(u) = 4*u**2 - 3*u. Let k(b) = 4*b**2 - 4*b. Let o(v) = n*k(v) + 3*r(v). Determine o(1).
3
Let h = 3756 + -3760. Let v(r) = 2*r + 1. What is v(h)?
-7
Let q(w) be the second derivative of 2*w**3/3 - 9*w**2/2 - 36*w + 46. Determine q(10).
31
Let v(j) be the first derivative of -j**4/4 - 2*j**3 - 2*j**2 + 6*j - 2019. Suppose -18 = 5*c + 12. Determine v(c).
30
Let k(p) = -p**3 + 11*p**2 + 2*p + 14. Let q(f) = -2*f**3 + 11*f**2 + 3*f + 20. Let m(w) = -3*k(w) + 2*q(w). Give m(-11).
-2
Let i be (-36)/24*-6 - 9. Let w(h) = 2*h - 17. What is w(i)?
-17
Let t(n) = -n - 32. Suppose 3*y + 4*x - 60 = 0, -5*x + 5 = -270*y + 265*y. What is t(y)?
-40
Let q(i) = -1. Let c(f) = -f + 1. Let o(p) = -2*c(p) - 2*q(p). Let y(s) = 309*s + 2788. Let z be y(-9). What is o(z)?
14
Let c(f) be the third derivative of f**6/120 + 19*f**5/60 + 3*f**4/4 + f**3 + 7*f**2 - 12. Calculate c(-18).
6
Let u(a) = a**3 - a**2 - 1. Let q(x) = -12*x**3 + 4*x**2 - 3*x + 8. Let i(b) = q(b) + 8*u(b). Give i(-3).
81
Let t(i) = -2*i**2 + 10*i + 10. Let d be (51/9 + 14 + -18)*6. Determine t(d).
-90
Let y(m) = 12*m + 1. Let s(l) = -25*l - 3. Let r(v) = 2*s(v) + 5*y(v). Suppose 4*n - 13 = h, 0*n + 5*h = 2*n - 29. Suppose 0*k = n*k + 2. Calculate r(k).
-11
Let u(j) = -2*j - 4. Let y(i) = 2*i + 27. Let d be y(-6). Suppose -13*z + d*z = -4. Let m be -3 + 1 + z/1 + -1. Give u(m).
6
Let y(h) = h**3 + 9*h**2 + 9*h + 4. Suppose -7*r + 1092 = 5*r. Suppose -92*w - 8 = -r*w. Give y(w).
-4
Let g(s) = s**3 - 15*s**2 + 4*s - 62. Let r be g(15). Let l(b) = -17*b - 30. Calculate l(r).
4
Let u(k) = k**2 - k - 14. Let n = -50 + 57. Suppose -3*o + 23 = -4*a, -2*o + 3*o = a + n. Let c be 0/((a - -1)/(3 + -2)). What is u(c)?
-14
Let i(x) = 48*x - 91. Let p(v) = 28*v - 48. Let t(j) = -3*i(j) + 5*p(j). What is t(11)?
-11
Let w(u) = u**2 + 3*u - 37. Let n = -171 - -163. Let o be w(n). Let a(y) be the third derivative of -y**4/24 - y**3/3 + 2*y**2. Determine a(o).
-5
Let i(z) = 14*z**2 + 2*z + 10. Let q(k) = 11*k**2 + k + 11. Let h(x) = 4*i(x) - 5*q(x). Calculate h(6).
39
Let t(g) = 2*g**3 + 2. Let r be t(0). Let x(w) = -42*w**2 + 3*w + 7*w + w**3 + 53*w**r. What is x(-10)?
0
Let l(w) = -48 + 11 + 9 + 6*w + 37 + 25 - w**2. What is l(-5)?
-21
Suppose 66*o + 43*o - 213 = 38*o. Let h(p) = -18*p + 51. Determine h(o).
-3
Let c(y) = 6*y - 2. Let j = 21 + -19. Suppose 13*h - 60 = 3*h. Suppose 3*d + 11 = -m, -d = j*m + h + 1. Calculate c(d).
-20
Let c(x) = -2 + x**2 - x + 9*x - 2. Let h(v) = 2*v**3 + 6*v**2 + 6*v - 1. Let p(j) = -3*j**2 + 12*j - 2. Let s be p(4). Let n be h(s). Calculate c(n).
-19
Let s(q) = -23*q - 164. Suppose -59*a = 333*a + 2744. What is s(a)?
-3
Let d(h) = -h**2 - 10*h + 10. Suppose -111 + 6 = 15*w. Determine d(w).
31
Suppose -5*b + 56 = 4903*z - 4899*z, b - 31 = -3*z. Let l(d) = 24*d - 219. Give l(z).
-3
Suppose 5*y = 10 + 20. Suppose -y*d - 1 = -1. Let o be (-3)/4*(d + -4). Let n(g) = g**2 - 5*g + 3. Determine n(o).
-3
Let y = 0 - 4. Let n(w) be the third derivative of w**5/60 + w**4/8 + 2*w**3/3 + 1706*w**2. Calculate n(y).
8
Let q be 2 - 1 - -1 - 0. Let i be ((-114)/(-12) + -9)*8*1. Let h(n) = 151*n - i*n**2 + 153*n - q + n**3 - 308*n. What is h(5)?
3
Let x be (-63)/((-35)/(-5)) - -10. Let y(v) = -17*v**2 - 3*v + 2. Determine y(x).
-18
Let j(x) be the first derivative of 12*x**2 - x + 1. Let h be (39/754*29)